greatest common factor of 147 and 123725.
49
Calculate the greatest common divisor of 590 and 2160.
10
Calculate the highest common divisor of 32634 and 252.
126
What is the greatest common divisor of 1156284 and 180?
36
What is the greatest common factor of 28177 and 1862?
19
What is the greatest common factor of 180 and 36620?
20
Calculate the greatest common factor of 12810 and 1890.
210
What is the highest common divisor of 178258 and 494?
38
Calculate the highest common divisor of 11100 and 4292.
148
Calculate the highest common divisor of 1850931 and 3.
3
What is the highest common divisor of 78 and 1002?
6
Calculate the greatest common divisor of 46959 and 132.
33
Calculate the highest common divisor of 33 and 1193808.
33
Calculate the greatest common factor of 13376 and 226556.
836
What is the greatest common divisor of 212 and 66356?
212
What is the greatest common factor of 12629 and 219?
73
Calculate the highest common divisor of 15 and 1695.
15
What is the highest common factor of 3068 and 10679?
59
Calculate the highest common factor of 848 and 3368.
8
What is the greatest common divisor of 7134 and 55350?
246
What is the highest common factor of 26 and 23933?
13
What is the greatest common divisor of 51102 and 102?
102
Calculate the highest common factor of 212 and 1758328.
212
What is the greatest common divisor of 96330 and 4560?
570
Calculate the greatest common divisor of 1414314 and 1485.
297
Calculate the greatest common divisor of 88 and 94736.
8
Calculate the highest common divisor of 32 and 133024.
32
Calculate the highest common divisor of 49234 and 2987.
103
Calculate the greatest common factor of 28 and 130802.
14
What is the highest common divisor of 391 and 64124?
391
Calculate the highest common factor of 761312 and 1184.
1184
Calculate the greatest common factor of 1 and 51719.
1
Calculate the greatest common factor of 272 and 645422.
34
Calculate the highest common factor of 63966 and 28.
14
Calculate the highest common factor of 1024 and 1944.
8
What is the greatest common factor of 9056 and 537700?
1132
Calculate the highest common factor of 357749 and 42.
7
What is the highest common factor of 33 and 17809?
11
Calculate the highest common divisor of 3954 and 4218.
6
What is the greatest common factor of 2085 and 345?
15
Calculate the greatest common factor of 20401 and 92.
23
What is the greatest common divisor of 1144 and 7384?
104
What is the greatest common factor of 198 and 237798?
198
Calculate the greatest common factor of 208 and 35204.
52
Calculate the highest common factor of 38511 and 14949.
99
What is the greatest common factor of 333 and 87949?
37
Calculate the greatest common factor of 55 and 1236455.
55
What is the greatest common divisor of 1313 and 1599?
13
Calculate the highest common factor of 81 and 479763.
81
What is the highest common factor of 84 and 2142021?
21
Calculate the highest common divisor of 5970 and 30.
30
Calculate the greatest common factor of 58698 and 108.
54
Calculate the greatest common factor of 4452 and 350.
14
Calculate the highest common factor of 117 and 159516.
9
Calculate the highest common factor of 3038 and 77872.
62
What is the greatest common factor of 878150 and 840?
70
What is the greatest common divisor of 707 and 959?
7
What is the highest common divisor of 29532 and 10914?
642
Calculate the greatest common divisor of 22 and 2243967.
11
What is the greatest common factor of 1282410 and 720?
90
Calculate the greatest common divisor of 58519 and 7157.
421
Calculate the highest common factor of 654420 and 132.
12
What is the highest common factor of 106073 and 77?
11
What is the greatest common divisor of 11137 and 32634?
259
Calculate the greatest common factor of 570197 and 289.
289
What is the greatest common divisor of 5632 and 26368?
256
Calculate the highest common factor of 10 and 41270.
10
Calculate the highest common factor of 585 and 1086930.
585
Calculate the greatest common divisor of 1211 and 38925.
173
Calculate the greatest common divisor of 3934 and 13006.
14
What is the greatest common divisor of 118 and 244850?
118
What is the greatest common factor of 1924 and 1690?
26
Calculate the highest common factor of 7474 and 370.
74
What is the greatest common factor of 38340 and 765?
45
What is the greatest common divisor of 80 and 9340?
20
Calculate the highest common divisor of 424263 and 623.
623
What is the highest common factor of 942 and 1896874?
314
Calculate the highest common divisor of 42 and 597016.
14
What is the greatest common factor of 168 and 260456?
56
Calculate the highest common divisor of 39438 and 252.
126
Calculate the greatest common factor of 25488 and 118512.
144
Calculate the highest common divisor of 5777430 and 90.
30
Calculate the highest common factor of 25685 and 895.
5
Calculate the highest common divisor of 152 and 1072.
8
What is the highest common factor of 920 and 495995?
115
Calculate the greatest common factor of 23599 and 44.
1
What is the highest common factor of 6254 and 3286?
106
Calculate the highest common divisor of 224 and 152.
8
What is the highest common divisor of 56976 and 78?
6
What is the highest common divisor of 1840 and 123260?
20
Calculate the highest common divisor of 309 and 19112886.
309
Calculate the highest common divisor of 16 and 10584.
8
Calculate the highest common factor of 2 and 3396154.
2
What is the highest common divisor of 20 and 40?
20
What is the highest common factor of 666110 and 59?
59
What is the greatest common divisor of 1920 and 9696?
96
Calculate the greatest common divisor of 225 and 36075.
75
Calculate the greatest common factor of 8 and 12636760.
8
Calculate the highest common divisor of 775616 and 16.
16
Calculate the greatest common divisor of 2481 and 1167724.
827
What is the highest common divisor of 60280 and 250?
10
What is the greatest common factor of 441 and 3500217?
441
What is the greatest common factor of 396 and 116457?
33
What is the greatest common divisor of 447 and 743361?
447
What is the highest common divisor of 85040 and 480?
80
Calculate the greatest common factor of 61224 and 1164.
12
What is the greatest common divisor of 50 and 168430?
10
Calculate the highest common factor of 190 and 3116.
38
What is the highest common divisor of 135 and 2478915?
45
Calculate the greatest common factor of 58090 and 51025.
785
What is the greatest common factor of 241322 and 2?
2
What is the highest common factor of 36323 and 49?
7
What is the greatest common factor of 259632 and 368?
16
What is the highest common factor of 368 and 24058?
46
Calculate the greatest common divisor of 4192 and 352.
32
Calculate the greatest common divisor of 1552 and 96709.
97
Calculate the highest common divisor of 106 and 33443.
53
What is the greatest common factor of 222 and 243534?
222
Calculate the greatest common factor of 20713826 and 14.
14
What is the greatest common factor of 279 and 153?
9
What is the highest common factor of 89 and 94607?
89
What is the highest common factor of 80015 and 65?
65
Calculate the highest common factor of 24 and 17736.
24
Calculate the highest common factor of 1012 and 4094.
46
What is the highest common factor of 19158 and 23808?
186
Calculate the greatest common factor of 743443 and 652.
163
What is the highest common divisor of 9 and 5070?
3
Calculate the highest common divisor of 1625 and 1721525.
325
Calculate the greatest common divisor of 305 and 2906345.
305
What is the greatest common factor of 48555 and 3575?
65
Calculate the highest common divisor of 458 and 25877.
229
Calculate the greatest common factor of 64656 and 432.
144
What is the highest common factor of 303 and 63933?
303
What is the highest common factor of 10 and 94205?
5
What is the greatest common factor of 2340 and 117520?
260
What is the highest common divisor of 72005 and 5?
5
Calculate the highest common divisor of 45664 and 32.
32
What is the highest common divisor of 14 and 837249?
7
What is the greatest common divisor of 97464 and 64?
8
Calculate the highest common divisor of 510 and 1394.
34
Calculate the highest common factor of 246 and 2639006.
82
What is the highest common divisor of 302772 and 1518?
138
What is the highest common divisor of 8514 an